 101
Let y(w) = w - 25 - 13*w**2 + 2*w - 57*w**3 + 58*w**3. Let q be y(13). Suppose -k = -g - 35 - q, -4*g = 0. What are the prime factors of k?
7
Let q = -2762 - -5014. List the prime factors of q.
2, 563
What are the prime factors of 1101 + (-72)/(-9) + -16?
1093
What are the prime factors of 25/((-500)/(-13248)) + (-6)/15?
2, 331
Suppose 15 = -o + 48. Let i = 1564 + -1562. Suppose i*u = u + o. What are the prime factors of u?
3, 11
Let d(g) = -16*g**3 - 6*g - 4. Let b(u) = -5*u**3 - 2*u - 1. Let k(c) = -7*b(c) + 2*d(c). Let n be k(1). Suppose -3*o + n*o = 24. List the prime factors of o.
2, 3
Let t = 42 + -48. What are the prime factors of 320/24 + (-4)/t?
2, 7
Let p = 353 + 164. List the prime factors of p.
11, 47
Let s(k) = -3*k - 34. Let v(x) = 2*x - 13. Let h be v(0). Let m(p) = -6*p - 68. Let c(y) = h*s(y) + 6*m(y). List the prime factors of c(0).
2, 17
Suppose -4*u + 1257 = m, -2*u - 437 = 3*m - 4178. List the prime factors of m.
3, 5, 83
Suppose 0 = -33*p + 34*p - 19. Let q(f) = -f**2 + 22*f - 12. What are the prime factors of q(p)?
3, 5
Let u(m) = m - 11*m - m + 3 + 3*m**2. List the prime factors of u(6).
3, 5
Suppose 6*s - 16 = 2*s. Suppose s = -5*f + 7*f. Suppose -5*q = -20, b - 8 = -f*q + 26. What are the prime factors of b?
2, 13
Let a = -195 - -694. List the prime factors of a.
499
Suppose -v + 2*d + 2383 = 4*v, -5*v + 2391 = -4*d. List the prime factors of v.
5, 19
Let k(q) = -5*q - 30. Let n be k(-6). Suppose -22*d + 17*d + 1125 = n. What are the prime factors of d?
3, 5
Let n(a) be the third derivative of -a**4/24 - 2*a**3/3 - 6*a**2. Let z be n(-4). List the prime factors of 6 + -7 + (z - -32).
31
Suppose -34*c + 33411 = -30509. What are the prime factors of c?
2, 5, 47
Let t(h) = -3*h**2 - 3*h + 87. What are the prime factors of t(0)?
3, 29
Let g(y) = -y**3 + 12*y**2 + 2*y - 22. Let w be g(8). Suppose -3*j = -j - w. What are the prime factors of j?
5
Let o(b) = 2*b**3 - 10*b**2 + 7*b + 103. What are the prime factors of o(8)?
3, 181
Let o(x) = -1288*x - 464. What are the prime factors of o(-4)?
2, 293
Let z = 1395 - -748. List the prime factors of z.
2143
Let j(m) = 3*m - 1. Suppose -2*p = 4*g - 5*p - 24, 0 = 2*g + p - 2. Suppose 4*n = -4*w + 32, -g*w + 4*n = -0*w - 3. List the prime factors of j(w).
2, 7
Let t(z) = z**2 + 2*z - 7. Let s be t(-6). Suppose s*p - 12*p = 35. Let v(d) = d**3 - 6*d**2 - 4*d + 5. What are the prime factors of v(p)?
2, 13
Let w be (2 - (-4)/4) + -1. Suppose -5*s + 81 = w*j, -5*s = 2*j - 2*s - 87. What are the prime factors of (39/(-4))/((-12)/j)?
3, 13
Let s(q) = -4*q**2 - 9*q - 10. Let x be s(-7). Suppose -6*m + 814 = -428. Let c = m + x. What are the prime factors of c?
2
Let r be 1 + -1 + 13 - -2. Suppose -5*k = i - 1, 0*i + 19 = i - 4*k. Let q = r - i. What are the prime factors of q?
2
Let m = 16 + -14. Suppose -m*q - 4*y + 9*y = -63, 108 = 4*q - 4*y. What are the prime factors of q?
2, 3
Let q(j) = 92*j**3 + 3*j**2 + 8*j - 6. What are the prime factors of q(3)?
3, 281
Let w = 111 - -217. Suppose w = 2*d + 2*d. What are the prime factors of d?
2, 41
What are the prime factors of 1149*(84/(-18))/(-14)?
383
Let s(z) = -49*z - 56. Let t be (-1*1)/(51/(-18) - -3). List the prime factors of s(t).
2, 7, 17
Let b be (-12)/4*-2 - 3. Suppose -q + 25 = -4*w + b*w, q - 9 = -3*w. List the prime factors of q.
3, 7
Suppose 0 = 2*y + 1052 - 6004. List the prime factors of y.
2, 619
Let c(f) be the first derivative of 3*f**2 - 4*f - 9. What are the prime factors of c(3)?
2, 7
Let d(b) = b**2 + 14*b + 49. What are the prime factors of d(-24)?
17
Let v = -25 - -19. Let x(z) = 2*z - 8. Let l be x(v). List the prime factors of 862/26 + l/130.
3, 11
Let y(t) = -6*t - 6. Let s be y(-4). What are the prime factors of 2/10 + s/(-15) - -25?
2, 3
Suppose 15 = 3*y - 3*a, -3*a = -2*y + 7*y - 1. Suppose -30 = -y*l + 48. Let g = l - 4. List the prime factors of g.
5, 7
Suppose 2*x = -3*o + 1051, 4*o + 14 = -6. What are the prime factors of x?
13, 41
Let d = 577 + -408. What are the prime factors of d?
13
Suppose -322 - 444 = -2*a. What are the prime factors of a?
383
Let y be -57*(-1 + 12/9). Let x = y - -26. List the prime factors of x.
7
Let t(o) = 17*o + 32. What are the prime factors of t(11)?
3, 73
Suppose -3*o = -27 - 9. Let w = 15 - o. Suppose h + 58 = w*h. What are the prime factors of h?
29
Suppose 1168 = 2*m - s - 3*s, s = 5*m - 2911. List the prime factors of m.
2, 3, 97
Let d(t) = 4*t - 4. Let n(m) be the second derivative of 2*m**3/3 - 3*m**2/2 - 3*m. Let o(f) = 4*d(f) - 5*n(f). List the prime factors of o(-3).
11
Let t be 69/21 - 6/21. Let w be (1/t)/((-1)/6). List the prime factors of ((-7)/((-7)/(-22)))/w.
11
Suppose -6*j + 12*j = 1422. Suppose o + l = 95 + 31, -j = -2*o + l. What are the prime factors of o?
11
Let k(f) = 3*f**2 - 13*f - 20. Let y be k(-10). Let v = -257 + y. What are the prime factors of v?
3, 17
Let c = 208 + 36. List the prime factors of c.
2, 61
Suppose 3*m - 3*t = 7*m - 1855, -2*t + 1390 = 3*m. Let u = m - 294. What are the prime factors of u?
2, 83
Let n(c) = -c**2 + 14*c + 79. List the prime factors of n(15).
2
Suppose 3*j = -0*j + 3*m + 3, -2*j = -4*m + 4. Suppose 2*w + 2*l = 14, -3*w = -2*l - 0 + j. Suppose -w - 28 = -c. List the prime factors of c.
2, 3, 5
Let d(v) = v**2 - v + 29. Let w be d(0). Suppose 4*q + 72 = -4*c, -c = -0*c - 3*q + 2. Let b = c + w. What are the prime factors of b?
3, 5
Let p(u) = 20*u - 17. Let y be p(1). Suppose -18 = -d + 3*m, 3*m - 2 - 7 = 0. Suppose l + y*q - 17 = -0, -q = 3*l - d. What are the prime factors of l?
2
Suppose -12 - 12 = -4*b. Suppose b*q - q = -s - 14, -3*s - 3*q = 6. List the prime factors of (-3)/(-9)*(s - -20).
7
Suppose 5*o + 20 = 5*a, 2*a = -2*o + a + 4. What are the prime factors of 113 + o + (-2)/(-2)*-1?
2, 7
Let k(o) = o - 12. Let d be k(12). Let j(q) = -2*q + 36. What are the prime factors of j(d)?
2, 3
Suppose 3*c = -5*g + 158, 2*g - c - 41 - 20 = 0. Suppose u + 4 = g. List the prime factors of u.
3
Let c(o) be the third derivative of 5*o**4/24 + 13*o**3/6 + 7*o**2. List the prime factors of c(5).
2, 19
Let p = 2 + 10. Suppose -7*y = -p*y + 100. List the prime factors of y.
2, 5
Suppose h = -4*q + 24370 - 7984, 10 = 5*h. What are the prime factors of q?
2
Suppose 0 = -2*c + h + 15, 3*h - 9 = -4*c + c. Let j(n) = 4*n**2 + 18. List the prime factors of j(c).
2, 3
Suppose 2*b + 21 = -5*b. Let j(i) = -2*i**3 + 3*i**2 + i - 4. List the prime factors of j(b).
2, 37
What are the prime factors of 9/(9/524) - (4 - 0)?
2, 5, 13
List the prime factors of 448604/260 - (-2)/(-5).
3, 5, 23
Let m(y) be the second derivative of -1/3*y**3 + 7/5*y**5 - 3*y + 0 + 0*y**4 + 1/2*y**2. List the prime factors of m(1).
3
Let d(a) = 3*a**2 + 21*a + 3. What are the prime factors of d(-14)?
3, 11
Let v be 2/2 + 2/1. Suppose -w = -v*c, -3*w = -0*w + 4*c. Suppose -o + w*o = -4. What are the prime factors of o?
2
Let o = 1016 - 441. List the prime factors of o.
5, 23
Let d(f) = f + 1. Let m(h) = -h**2 - h + 2. Let n be m(2). Let l(g) = -g**3 - 5*g**2 + g + 4. Let u(v) = n*d(v) + l(v). What are the prime factors of u(-5)?
3, 5
Suppose -2*v + 538 = 3*v + 4*l, 3*v - 3*l = 339. Suppose -3*r + 4*s = -74, v = 5*r - 6*s + 2*s. List the prime factors of (-12)/r - (-100)/6.
2
Suppose 0 = -17*n + 13*n + 40. Let j(y) = 97 - 108 - y**3 + n*y**2 + 9*y + 6*y. What are the prime factors of j(11)?
3, 11
Let l be (2 - 0)/((-3)/18). Let b be l/(-60) + 2/(-10). Suppose b*x + 4*x = 116. What are the prime factors of x?
29
Let s = 351 - 59. Suppose 9*i - 959 = s. What are the prime factors of i?
139
Suppose -413 = h - 8*h. Suppose 0 = 3*i - 4*i + h. List the prime factors of i.
59
Let t = 2505 + 666. What are the prime factors of t?
3, 7, 151
Let g(q) = 23*q - 3. Let w be g(2). Let d = w + -24. What are the prime factors of d?
19
Let d be 668/7 - (-24)/42. Suppose 9*w = w + d. Let p(v) = v**2 - 12*v + 5. List the prime factors of p(w).
5
Let b(n) = -6*n + 5. Let h be b(-18). Let o = 167 - h. What are the prime factors of o?
2, 3
What are the prime factors of 0 + 5127/18 + 4/24?
3, 5, 19
Let o = 26 + -26. Suppose o = -g - 0*g + 26. List the prime factors of g.
2, 13
Let f = -50 - -694. What are the prime factors of f?
2, 7, 23
What are the prime factors of ((-890)/(-16)*-